{"id":232,"date":"2016-12-12T18:29:51","date_gmt":"2016-12-12T20:29:51","guid":{"rendered":"https:\/\/www.fuctura.com.br\/recife\/?page_id=232"},"modified":"2018-10-17T17:50:57","modified_gmt":"2018-10-17T20:50:57","slug":"bolsa-de-valores","status":"publish","type":"page","link":"https:\/\/www.fuctura.com.br\/recife\/cursos\/bolsa-de-valores\/","title":{"rendered":"Bolsa de Valores &#8211; An\u00e1lise Gr\u00e1fica"},"content":{"rendered":"<section class=\"topo-curso bolsa\">\n<div class=\"container\">\n<div class=\"row\">\n<div class=\"col-md-8\">\n<div class=\"row\">\n<div class=\"col-md-12\">\n<h1 class=\"curso-title\">Bolsa de Valores &#8211; An\u00e1lise Gr\u00e1fica<\/h1>\n<\/div>\n<\/div>\n<div class=\"row\">\n<div class=\"boxes hora\"><i class=\"fa fa-clock-o\"><\/i> \u00a014h<\/div>\n<div class=\"boxes modalidade\"><i class=\"fa fa-flag-o\"><\/i> \u00a0Presencial<\/div>\n<\/div>\n<\/div>\n<div class=\"col-md-4 text-center\"><img decoding=\"async\" class=\"img-responsive\" src=\"http:\/\/www.fuctura.com.br\/recife\/wp-content\/themes\/fuctura\/images\/topos-cursos\/curso-bolsa-logo.png\" \/><\/div>\n<\/div>\n<\/div>\n<\/section>\n<section class=\"about\">\n<div class=\"container\">\n<ol class=\"breadcrumb\">\n<li><a href=\"http:\/\/www.fuctura.com.br\/\">Home<\/a><\/li>\n<li><a href=\"http:\/\/www.fuctura.com.br\/recife\/cursos\/\">Cursos<\/a><\/li>\n<li class=\"active\">Bolsa de Valores &#8211; An\u00e1lise Gr\u00e1fica<\/li>\n<\/ol>\n<div class=\"row\">\n<div class=\"col-lg-8 about-text\">\n<h3>Descri\u00e7\u00e3o<\/h3>\n<p>O curso apresenta aos participantes o princ\u00edpio de funcionamento do mercado acion\u00e1rio, diversos indicadores e a hora certa de entrar e sair nos seus investimentos, visando prepar\u00e1-lo para come\u00e7ar a atuar com seguran\u00e7a como investidor.<\/p>\n<p>An\u00e1lise Gr\u00e1fica foca a compreens\u00e3o dos mercados atrav\u00e9s dos gr\u00e1ficos de movimenta\u00e7\u00e3o de pre\u00e7o. Esta abordagem possui a caracter\u00edstica de ser independente de qualquer fato externo ao pr\u00f3prio mercado, por isso voc\u00ea n\u00e3o precisa ter conhecimento sobre os fundamentos das empresas ou ter que ficar atento ao notici\u00e1rio corporativo e econ\u00f4mico.<\/p>\n<h3>Metodologia<\/h3>\n<p>Aulas conceituais divididos em dois dias e aulas pr\u00e1ticas com acompanhamento da nossa equipe de consultores.<\/p>\n<h3>P\u00fablico Alvo<\/h3>\n<p>Profissionais do mercado financeiro em geral, investidores, estudantes ou interessados em investir na Bolsa de Valores, que buscam resultados mais que satisfat\u00f3rios.<\/p>\n<p>Numa formata\u00e7\u00e3o semelhante a de S\u00e3o Paulo, os investidores de PE tem um encontro marcado toda \u00faltima quinta-feira de cada m\u00eas.<\/p>\n<\/div>\n<div class=\"col-md-4 sidewall\">\n<div class=\"col-xs-6\"><img decoding=\"async\" class=\"img-responsive\" src=\"http:\/\/www.fuctura.com.br\/recife\/wp-content\/themes\/fuctura\/images\/sobre\/fuctura-1.jpg\" \/><br \/>\n<img decoding=\"async\" class=\"img-responsive\" style=\"margin-top: 20px;\" src=\"http:\/\/www.fuctura.com.br\/recife\/wp-content\/themes\/fuctura\/images\/sobre\/fuctura-3.jpg\" \/><\/div>\n<div class=\"col-xs-6\"><img decoding=\"async\" class=\"img-responsive\" src=\"http:\/\/www.fuctura.com.br\/recife\/wp-content\/themes\/fuctura\/images\/sobre\/fuctura-2.jpg\" \/><br \/>\n<img decoding=\"async\" class=\"img-responsive\" style=\"margin-top: 20px;\" src=\"http:\/\/www.fuctura.com.br\/recife\/wp-content\/themes\/fuctura\/images\/sobre\/fuctura-4.jpg\" \/><\/div>\n<\/div>\n<\/div>\n<p><!-- \/.row --><\/p>\n<\/div>\n<\/section>\n<p><!--M\u00f3dulos --><\/p>\n<section class=\"bg-light-grey\">\n<div class=\"container\">\n<div class=\"row\">\n<div class=\"col-md-12\">\n<h2 class=\"mission\"><a href=\"#reserva\"><img loading=\"lazy\" decoding=\"async\" class=\"size-full wp-image-12550 alignnone\" src=\"https:\/\/www.fuctura.com.br\/recife\/wp-content\/uploads\/2018\/10\/reserva.jpg\" alt=\"\" width=\"267\" height=\"189\" \/><\/a><br \/>\nConte\u00fado Pragm\u00e1tico<\/h2>\n<\/div>\n<\/div>\n<div id=\"conteudo\" class=\"panel-group\">\n<div class=\"panel panel-default conteudo-prag\">\n<div class=\"panel-heading\">\n<h4 class=\"panel-title\"><a href=\"#capitulo1\" data-toggle=\"collapse\" data-parent=\"#conteudo\">1. Introdu\u00e7\u00e3o<\/a><\/h4>\n<\/div>\n<div id=\"capitulo1\" class=\"panel-collapse collapse\">\n<div class=\"panel-body\">\n<ul>\n<li>O Sistema Financeiro<\/li>\n<li>O Processo Poupan\u00e7a Investimento<\/li>\n<li>A Comiss\u00e3o de Valores Mobili\u00e1rios CVM<\/li>\n<li>Companhia Brasileira de Liquida\u00e7\u00e3o e Cust\u00f3dia CBLC<\/li>\n<li>Agentes de Compensa\u00e7\u00e3o<\/li>\n<li>Servi\u00e7o de Cust\u00f3dia Fung\u00edvel CBLC<\/li>\n<li>As Bolsas de Valores<\/li>\n<li>Sociedades Corretoras<\/li>\n<\/ul>\n<\/div>\n<\/div>\n<\/div>\n<div class=\"panel panel-default conteudo-prag\">\n<div class=\"panel-heading\">\n<h4 class=\"panel-title\"><a href=\"#capitulo2\" data-toggle=\"collapse\" data-parent=\"#conteudo\">2. Princ\u00edpios de Matem\u00e1tica Financeira<\/a><\/h4>\n<\/div>\n<div id=\"capitulo2\" class=\"panel-collapse collapse\">\n<div class=\"panel-body\">\n<ul>\n<li>Investimento em Renda Fixa<\/li>\n<li>Cadernetas de Poupan\u00e7a<\/li>\n<li>Certificados de Dep\u00f3sito Banc\u00e1rio \u2013 CDB<\/li>\n<li>Recibos de Dep\u00f3sito Banc\u00e1rio \u2013 RDB<\/li>\n<li>T\u00edtulos P\u00fablicos \u2013 Tesouro Direto<\/li>\n<\/ul>\n<\/div>\n<\/div>\n<\/div>\n<div class=\"panel panel-default conteudo-prag\">\n<div class=\"panel-heading\">\n<h4 class=\"panel-title\"><a href=\"#capitulo3\" data-toggle=\"collapse\" data-parent=\"#conteudo\">3. Investimento em A\u00e7\u00f5es (Renda Vari\u00e1vel)<\/a><\/h4>\n<\/div>\n<div id=\"capitulo3\" class=\"panel-collapse collapse\">\n<div class=\"panel-body\">\n<ul>\n<li>Mercado a vista e \u00edndice bovespa<\/li>\n<li>Tipos<\/li>\n<li>Formas<\/li>\n<\/ul>\n<\/div>\n<\/div>\n<\/div>\n<div class=\"panel panel-default conteudo-prag\">\n<div class=\"panel-heading\">\n<h4 class=\"panel-title\"><a href=\"#capitulo4\" data-toggle=\"collapse\" data-parent=\"#conteudo\">4. Direitos do Acionista<\/a><\/h4>\n<\/div>\n<div id=\"capitulo4\" class=\"panel-collapse collapse\">\n<div class=\"panel-body\">\n<ul>\n<li>Dividendos<\/li>\n<li>Juros sobre o Capital Pr\u00f3prio<\/li>\n<li>Bonifica\u00e7\u00e3o em A\u00e7\u00f5es<\/li>\n<li>Direitos de Subscri\u00e7\u00e3o<\/li>\n<li>Venda de Direitos de Subscri\u00e7\u00e3o<\/li>\n<\/ul>\n<\/div>\n<\/div>\n<\/div>\n<div class=\"panel panel-default conteudo-prag\">\n<div class=\"panel-heading\">\n<h4 class=\"panel-title\"><a href=\"#capitulo5\" data-toggle=\"collapse\" data-parent=\"#conteudo\">5. An\u00e1lise Fundamentalista<\/a><\/h4>\n<\/div>\n<div id=\"capitulo5\" class=\"panel-collapse collapse\">\n<div class=\"panel-body\">\n<ul>\n<li>An\u00e1lise T\u00e9cnica<\/li>\n<li>Import\u00e2ncia da An\u00e1lise T\u00e9cnica<\/li>\n<li>Conhecendo o Gr\u00e1fico de Barras<\/li>\n<li>Conhecendo o Gr\u00e1fico de Candles<\/li>\n<li>Periodicidade dos Gr\u00e1ficos<\/li>\n<li>Princ\u00edpio 1: Os \u00cdndices Descontam Tudo<\/li>\n<li>Princ\u00edpio 2: As Tr\u00eas Tend\u00eancias do Mercado<\/li>\n<li>Princ\u00edpio 3: As Tr\u00eas Fases dos Movimentos<\/li>\n<li>Princ\u00edpio 4: O Princ\u00edpio da Confirma\u00e7\u00e3o<\/li>\n<li>Princ\u00edpio 5: Volume Deve Confirmar a Tend\u00eancia<\/li>\n<li>Princ\u00edpio 6: A Tend\u00eancia Continua At\u00e9 Surgir um<\/li>\n<li>Sinal Definitivo de que Houve Revers\u00e3o<\/li>\n<li>Suporte e Resist\u00eancia<\/li>\n<li>O Componente Psicol\u00f3gico<\/li>\n<li>Negociando com a Ajuda de Suporte e Resist\u00eancia<\/li>\n<li>Tra\u00e7ando a Linha de Tend\u00eancia de Alta<\/li>\n<\/ul>\n<\/div>\n<\/div>\n<\/div>\n<div class=\"panel panel-default conteudo-prag\">\n<div class=\"panel-heading\">\n<h4 class=\"panel-title\"><a href=\"#capitulo6\" data-toggle=\"collapse\" data-parent=\"#conteudo\">6. Tra\u00e7ando a Linha de Tend\u00eancia de Baixa<\/a><\/h4>\n<\/div>\n<div id=\"capitulo6\" class=\"panel-collapse collapse\">\n<div class=\"panel-body\">\n<ul>\n<li>Negociando com Linhas de Tend\u00eancia<\/li>\n<li>Candlesticks<\/li>\n<li>Fibonacci<\/li>\n<li>Teoria das Ondas de Elliott<\/li>\n<li>STOP<\/li>\n<li>An\u00e1lise de Risco<\/li>\n<li>Alguns Exemplos<\/li>\n<\/ul>\n<\/div>\n<\/div>\n<\/div>\n<div class=\"panel panel-default conteudo-prag\">\n<div class=\"panel-heading\">\n<h4 class=\"panel-title\"><a href=\"#capitulo7\" data-toggle=\"collapse\" data-parent=\"#conteudo\">7. An\u00e1lise de Mercado<\/a><\/h4>\n<\/div>\n<div id=\"capitulo7\" class=\"panel-collapse collapse\">\n<div class=\"panel-body\">\n<ul>\n<li>Negocia\u00e7\u00e3o Eletr\u00f4nica de A\u00e7\u00f5es (Home Broker)<\/li>\n<li>Tipos de Ordem<\/li>\n<li>Corretagem e Emolumentos<\/li>\n<li>Imposto de Renda<\/li>\n<\/ul>\n<\/div>\n<\/div>\n<\/div>\n<\/div>\n<\/div>\n<\/section>\n<p><!--bg-azul --><\/p>\n<section class=\"bg-azul\">\n<div class=\"container\">\n<div class=\"row\">\n<div class=\"col-md-12\">\n<h2 class=\"mission\">Vantagens da Fuctura<\/h2>\n<ul class=\"check-icon\">\n<li>A certeza que voc\u00ea est\u00e1 estudando em um centro autorizado Ubuntu e LPI (instrutores certificados)<\/li>\n<li>Material desenvolvido pelo pr\u00f3prio instrutor<\/li>\n<li>Certificado reconhecido em todo Brasil<\/li>\n<\/ul>\n<\/div>\n<\/div>\n<\/div>\n<\/section>\n<p><a name=\"reserva\"><\/a><\/p>\n","protected":false},"excerpt":{"rendered":"<p>Bolsa de Valores &#8211; An\u00e1lise Gr\u00e1fica \u00a014h \u00a0Presencial Home Cursos Bolsa de Valores &#8211; An\u00e1lise Gr\u00e1fica Descri\u00e7\u00e3o O curso apresenta aos participantes o princ\u00edpio de funcionamento do mercado acion\u00e1rio, diversos indicadores e a hora certa de entrar e sair nos seus investimentos, visando prepar\u00e1-lo para come\u00e7ar a atuar com seguran\u00e7a como investidor. An\u00e1lise Gr\u00e1fica foca [&hellip;]<\/p>\n","protected":false},"author":2,"featured_media":0,"parent":54,"menu_order":11,"comment_status":"closed","ping_status":"closed","template":"padrao-page.php","meta":{"footnotes":""},"class_list":["post-232","page","type-page","status-publish","hentry"],"_links":{"self":[{"href":"https:\/\/www.fuctura.com.br\/recife\/wp-json\/wp\/v2\/pages\/232","targetHints":{"allow":["GET"]}}],"collection":[{"href":"https:\/\/www.fuctura.com.br\/recife\/wp-json\/wp\/v2\/pages"}],"about":[{"href":"https:\/\/www.fuctura.com.br\/recife\/wp-json\/wp\/v2\/types\/page"}],"author":[{"embeddable":true,"href":"https:\/\/www.fuctura.com.br\/recife\/wp-json\/wp\/v2\/users\/2"}],"replies":[{"embeddable":true,"href":"https:\/\/www.fuctura.com.br\/recife\/wp-json\/wp\/v2\/comments?post=232"}],"version-history":[{"count":11,"href":"https:\/\/www.fuctura.com.br\/recife\/wp-json\/wp\/v2\/pages\/232\/revisions"}],"predecessor-version":[{"id":12568,"href":"https:\/\/www.fuctura.com.br\/recife\/wp-json\/wp\/v2\/pages\/232\/revisions\/12568"}],"up":[{"embeddable":true,"href":"https:\/\/www.fuctura.com.br\/recife\/wp-json\/wp\/v2\/pages\/54"}],"wp:attachment":[{"href":"https:\/\/www.fuctura.com.br\/recife\/wp-json\/wp\/v2\/media?parent=232"}],"curies":[{"name":"wp","href":"https:\/\/api.w.org\/{rel}","templated":true}]}}