{"id":315,"date":"2017-01-02T21:23:40","date_gmt":"2017-01-02T23:23:40","guid":{"rendered":"https:\/\/www.fuctura.com.br\/recife\/?page_id=315"},"modified":"2021-09-11T20:52:11","modified_gmt":"2021-09-11T23:52:11","slug":"certificacao-lpi-essentials","status":"publish","type":"page","link":"https:\/\/www.fuctura.com.br\/recife\/cursos\/linux\/certificacao-lpi-essentials\/","title":{"rendered":"Certifica\u00e7\u00e3o Essentials"},"content":{"rendered":"<section class=\"topo-curso java\">\n<div class=\"container\">\n<div class=\"row\">\n<div class=\"col-md-8\">\n<div class=\"row\">\n<div class=\"col-md-12\">\n<h1 class=\"curso-title\">Certifica\u00e7\u00e3o Essentials<\/h1>\n<p class=\"sub-heading\">Um curso da <a href=\"http:\/\/www.fuctura.com.br\/recife\/cursos\/linux\/\"><i class=\"fa fa-bookmark\" style=\"margin-left: 15px;\"><\/i> Academia Linux IBM<\/a><\/p>\n<\/div>\n<\/div>\n<div class=\"row\">\n<div class=\"boxes hora\"><i class=\"fa fa-clock-o\"><\/i>4h<\/div>\n<div class=\"boxes modalidade\"><i class=\"fa fa-flag-o\"><\/i> \u00a0Presencial<\/div>\n<\/div>\n<\/div>\n<div class=\"col-md-4 text-center\"><img decoding=\"async\" class=\"img-responsive\" src=\"http:\/\/www.fuctura.com.br\/recife\/wp-content\/themes\/fuctura\/images\/topos-cursos\/curso-lpi-essentials-logo.png\" \/><\/div>\n<\/div>\n<\/div>\n<\/section>\n<section class=\"about\">\n<div class=\"container\">\n<ol class=\"breadcrumb\">\n<li><a href=\"http:\/\/www.fuctura.com.br\/\">Home<\/a><\/li>\n<li><a href=\"http:\/\/www.fuctura.com.br\/recife\/cursos\/\">Cursos<\/a><\/li>\n<li><a href=\"http:\/\/www.fuctura.com.br\/recife\/cursos\/linux\">Academia Linux IBM<\/a><\/li>\n<li class=\"active\">Certifica\u00e7\u00e3o Essentials<\/li>\n<\/ol>\n<div class=\"row\">\n<div class=\"col-lg-8 about-text\">\n<h3>Descri\u00e7\u00e3o<\/h3>\n<p>A Fuctura, junto com o LPI, vai preparar voc\u00ea para sua primeira certifica\u00e7\u00e3o internacional Linux.<\/p>\n<\/div>\n<p>Em 2018 o preparat\u00f3rio entrou para refor\u00e7ar a\u00a0\u00a0<strong>Academia Linux<\/strong> e foca exclusivamente na prova. Um grande diferencial de mercado para estudantes que est\u00e3o come\u00e7ando no mercado de trabalho (curso gratuito, mas prova pago separadamente).<\/p>\n<div class=\"col-lg-8 about-text\">\n<p>A Essentials define o conhecimento fundamental necess\u00e1rio para os treinamentos do LPI n\u00edvel 1 e acima. O LPI identificou uma lacuna no mercado, mas que n\u00e3o substitui o LPIC-1.<\/p>\n<blockquote class=\"blockquote\"><p><strong>Mas para que uma institui\u00e7\u00e3o como o LPI quis lan\u00e7ar uma certifica\u00e7\u00e3o que estaria abaixo do LPIC-1?<\/strong><\/p>\n<ul>\n<li>Crise. Muitas economias, como o Brasil por exemplo est\u00e3o enfrentando dificuldades como desacelera\u00e7\u00e3o do crescimento e desemprego. O valor da prova para Linux Essentials \u00e9 menor do que a do LPIC-1 e superiores.<\/li>\n<li>Diferencia\u00e7\u00e3o de candidatos que dizem que \u201cusam e dominam Linux\u201d daqueles que podem provar isso atrav\u00e9s de uma certifica\u00e7\u00e3o v\u00e1lida mundialmente. Durante uma entrevista de emprego, quando lhe perguntarem \u201cvoc\u00ea trabalha bem com Linux\u201d como voc\u00ea provaria rapidamente e sem d\u00favidas que SIM? (Men\u00e7\u00e3o \u00e0 MADOG)<\/li>\n<li>Garantir \u00e0s empresas que contratam profissionais Linux que o profissional certificado Linux Essentials tem condi\u00e7\u00f5es b\u00e1sicas de atender as principais demandas relacionadas \u00e0 Adminsitra\u00e7\u00e3o de Redes e configura\u00e7\u00f5es b\u00e1sicas em Linux.<\/li>\n<\/ul>\n<\/blockquote>\n<p>&nbsp;<\/p>\n<p>&nbsp;<\/p>\n<\/div>\n<div class=\"col-md-4 sidewall\">\n<div class=\"col-xs-6\"><img decoding=\"async\" class=\"img-responsive\" src=\"http:\/\/www.fuctura.com.br\/recife\/wp-content\/themes\/fuctura\/images\/sobre\/fuctura-1.jpg\" \/><br \/>\n<img decoding=\"async\" class=\"img-responsive\" style=\"margin-top: 20px;\" src=\"http:\/\/www.fuctura.com.br\/recife\/wp-content\/themes\/fuctura\/images\/sobre\/fuctura-3.jpg\" \/><\/div>\n<div class=\"col-xs-6\"><img decoding=\"async\" class=\"img-responsive\" src=\"http:\/\/www.fuctura.com.br\/recife\/wp-content\/themes\/fuctura\/images\/sobre\/fuctura-2.jpg\" \/><br \/>\n<img decoding=\"async\" class=\"img-responsive\" style=\"margin-top: 20px;\" src=\"http:\/\/www.fuctura.com.br\/recife\/wp-content\/themes\/fuctura\/images\/sobre\/fuctura-4.jpg\" \/><\/div>\n<\/div>\n<\/div>\n<p><!-- \/.row --><\/p>\n<\/div>\n<\/section>\n<p><!--M\u00f3dulos --><\/p>\n<section class=\"bg-light-grey\">\n<div class=\"container\">\n<div class=\"row\">\n<div class=\"col-md-12\">\n<h2 class=\"mission\">Abrang\u00eancia do Linux Essentials<\/h2>\n<\/div>\n<\/div>\n<div id=\"conteudo\" class=\"panel-group\">\n<div class=\"panel panel-default conteudo-prag\">\n<div class=\"panel-heading\">\n<h4 class=\"panel-title\"><a href=\"#capitulo1\" data-toggle=\"collapse\" data-parent=\"#conteudo\">1. A comunidade Linux e carreira em Open Source<\/a><\/h4>\n<\/div>\n<div id=\"capitulo1\" class=\"panel-collapse collapse in\">\n<div class=\"panel-body\">\n<ul>\n<li>Evolu\u00e7\u00e3o do Linux<\/li>\n<li>Aplica\u00e7\u00f5es mais importantes<\/li>\n<li>Entendendo Open Source Software e licenciamento<\/li>\n<li>Trabalhando no mundo Linux<\/li>\n<\/ul>\n<\/div>\n<\/div>\n<\/div>\n<div class=\"panel panel-default conteudo-prag\">\n<div class=\"panel-heading\">\n<h4 class=\"panel-title\"><a href=\"#capitulo2\" data-toggle=\"collapse\" data-parent=\"#conteudo\">2. Encontrando o seu caminho no mundo Linux<\/a><\/h4>\n<\/div>\n<div id=\"capitulo2\" class=\"panel-collapse collapse\">\n<div class=\"panel-body\">\n<ul>\n<li>Pontos b\u00e1sicos em linha de comando<\/li>\n<li>Usando linha de comando para obter ajuda<\/li>\n<li>Usando diret\u00f3rios e lista de arquivos<\/li>\n<li>Criando, movendo e apagando arquivos<\/li>\n<\/ul>\n<\/div>\n<\/div>\n<\/div>\n<div class=\"panel panel-default conteudo-prag\">\n<div class=\"panel-heading\">\n<h4 class=\"panel-title\"><a href=\"#capitulo3\" data-toggle=\"collapse\" data-parent=\"#conteudo\">3. O poder da linha de comando<\/a><\/h4>\n<\/div>\n<div id=\"capitulo3\" class=\"panel-collapse collapse\">\n<div class=\"panel-body\">\n<ul>\n<li>Arquivamento na linha de comando<\/li>\n<li>Pesquisando e extraindo dados de arquivos<\/li>\n<li>Transformando comandos em um Script<\/li>\n<\/ul>\n<\/div>\n<\/div>\n<\/div>\n<div class=\"panel panel-default conteudo-prag\">\n<div class=\"panel-heading\">\n<h4 class=\"panel-title\"><a href=\"#capitulo4\" data-toggle=\"collapse\" data-parent=\"#conteudo\">4. O Sistema Operacional Linux<\/a><\/h4>\n<\/div>\n<div id=\"capitulo4\" class=\"panel-collapse collapse\">\n<div class=\"panel-body\">\n<ul>\n<li>Escolhendo um sistema operacional<\/li>\n<li>Entendendo o hardware<\/li>\n<li>Onde dados s\u00e3o armazenados<\/li>\n<li>Seu computador na rede<\/li>\n<\/ul>\n<\/div>\n<\/div>\n<\/div>\n<div class=\"panel panel-default conteudo-prag\">\n<div class=\"panel-heading\">\n<h4 class=\"panel-title\"><a href=\"#capitulo5\" data-toggle=\"collapse\" data-parent=\"#conteudo\">5. Seguran\u00e7a e Permiss\u00f5es de Arquivo<\/a><\/h4>\n<\/div>\n<div id=\"capitulo5\" class=\"panel-collapse collapse\">\n<div class=\"panel-body\">\n<ul>\n<li>Seguran\u00e7a b\u00e1sica e identificando tipos de usu\u00e1rios<\/li>\n<li>Criando usu\u00e1rios e grupos<\/li>\n<li>Gerenciando permiss\u00f5es de arquivos e Propriedades<\/li>\n<li>Diret\u00f3rios especiais e arquivos<\/li>\n<\/ul>\n<\/div>\n<\/div>\n<\/div>\n<\/div>\n<\/div>\n<\/section>\n<p><!--bg-azul --><\/p>\n<section class=\"bg-azul\">\n<div class=\"container\">\n<div class=\"row\">\n<div class=\"col-md-12\">\n<h2 class=\"mission\">Vantagens da Fuctura<\/h2>\n<ul class=\"check-icon\">\n<li>Como Partner oficial LPI nossos instrutores possuem a certifica\u00e7\u00e3o LPIC-1, LPIC-2 ou LPIC-3<\/li>\n<li>\u00cdndice de aprova\u00e7\u00e3o de 91% (m\u00e9dia nacional 50%)<\/li>\n<li>O material did\u00e1tico oficial, com simulados e textos complementares<\/li>\n<li>Prova escrita aplicada pelo diretor da Fuctura, Proctor LPI, \u00fanico no NE.<\/li>\n<li>Mantemos parcerias com empresas que trabalham junto com o governo para alocar profissionais certificado<\/li>\n<li>Oportunidade \u00fanica de voc\u00ea ser um parceiro IBM Fuctura<\/li>\n<\/ul>\n<\/div>\n<\/div>\n<\/div>\n<\/section>\n","protected":false},"excerpt":{"rendered":"<p>Certifica\u00e7\u00e3o Essentials Um curso da Academia Linux IBM 4h \u00a0Presencial Home Cursos Academia Linux IBM Certifica\u00e7\u00e3o Essentials Descri\u00e7\u00e3o A Fuctura, junto com o LPI, vai preparar voc\u00ea para sua primeira certifica\u00e7\u00e3o internacional Linux. Em 2018 o preparat\u00f3rio entrou para refor\u00e7ar a\u00a0\u00a0Academia Linux e foca exclusivamente na prova. Um grande diferencial de mercado para estudantes que [&hellip;]<\/p>\n","protected":false},"author":2,"featured_media":0,"parent":204,"menu_order":2,"comment_status":"closed","ping_status":"closed","template":"padrao-page.php","meta":{"footnotes":""},"class_list":["post-315","page","type-page","status-publish","hentry"],"_links":{"self":[{"href":"https:\/\/www.fuctura.com.br\/recife\/wp-json\/wp\/v2\/pages\/315","targetHints":{"allow":["GET"]}}],"collection":[{"href":"https:\/\/www.fuctura.com.br\/recife\/wp-json\/wp\/v2\/pages"}],"about":[{"href":"https:\/\/www.fuctura.com.br\/recife\/wp-json\/wp\/v2\/types\/page"}],"author":[{"embeddable":true,"href":"https:\/\/www.fuctura.com.br\/recife\/wp-json\/wp\/v2\/users\/2"}],"replies":[{"embeddable":true,"href":"https:\/\/www.fuctura.com.br\/recife\/wp-json\/wp\/v2\/comments?post=315"}],"version-history":[{"count":30,"href":"https:\/\/www.fuctura.com.br\/recife\/wp-json\/wp\/v2\/pages\/315\/revisions"}],"predecessor-version":[{"id":15363,"href":"https:\/\/www.fuctura.com.br\/recife\/wp-json\/wp\/v2\/pages\/315\/revisions\/15363"}],"up":[{"embeddable":true,"href":"https:\/\/www.fuctura.com.br\/recife\/wp-json\/wp\/v2\/pages\/204"}],"wp:attachment":[{"href":"https:\/\/www.fuctura.com.br\/recife\/wp-json\/wp\/v2\/media?parent=315"}],"curies":[{"name":"wp","href":"https:\/\/api.w.org\/{rel}","templated":true}]}}